[INFO] cloning repository https://github.com/Zeno343/untitled
[INFO] running `Command { std: "git" "-c" "credential.helper=" "-c" "credential.helper=/workspace/cargo-home/bin/git-credential-null" "clone" "--bare" "https://github.com/Zeno343/untitled" "/workspace/cache/git-repos/https%3A%2F%2Fgithub.com%2FZeno343%2Funtitled", kill_on_drop: false }`
[INFO] [stderr] Cloning into bare repository '/workspace/cache/git-repos/https%3A%2F%2Fgithub.com%2FZeno343%2Funtitled'...
[INFO] running `Command { std: "git" "rev-parse" "HEAD", kill_on_drop: false }`
[INFO] [stdout] db93809b9b9d1f9ba3e169241f3f43c350ab431b
[INFO] checking Zeno343/untitled against try#72f88fc4e9458f89516a0b8b0868f3718aec5b47 for pr-74989
[INFO] running `Command { std: "git" "clone" "/workspace/cache/git-repos/https%3A%2F%2Fgithub.com%2FZeno343%2Funtitled" "/workspace/builds/worker-0/source", kill_on_drop: false }`
[INFO] [stderr] Cloning into '/workspace/builds/worker-0/source'...
[INFO] [stderr] done.
[INFO] validating manifest of git repo https://github.com/Zeno343/untitled on toolchain 72f88fc4e9458f89516a0b8b0868f3718aec5b47
[INFO] running `Command { std: "/workspace/cargo-home/bin/cargo" "+72f88fc4e9458f89516a0b8b0868f3718aec5b47" "read-manifest" "--manifest-path" "Cargo.toml", kill_on_drop: false }`
[INFO] started tweaking git repo https://github.com/Zeno343/untitled
[INFO] removed path dependency oxydyze from git repo https://github.com/Zeno343/untitled
[INFO] finished tweaking git repo https://github.com/Zeno343/untitled
[INFO] tweaked toml for git repo https://github.com/Zeno343/untitled written to /workspace/builds/worker-0/source/Cargo.toml
[INFO] crate git repo https://github.com/Zeno343/untitled already has a lockfile, it will not be regenerated
[INFO] running `Command { std: "/workspace/cargo-home/bin/cargo" "+72f88fc4e9458f89516a0b8b0868f3718aec5b47" "fetch" "--locked" "--manifest-path" "Cargo.toml", kill_on_drop: false }`
[INFO] [stderr] warning: dependency (oxydyze) specified without providing a local path, Git repository, or version to use. This will be considered an error in future versions
[INFO] [stderr]     Updating crates.io index
[INFO] [stderr] error: the lock file /workspace/builds/worker-0/source/Cargo.lock needs to be updated but --locked was passed to prevent this
[INFO] [stderr] If you want to try to generate the lock file without accessing the network, use the --offline flag.
[INFO] the lockfile is outdated, regenerating it
[INFO] running `Command { std: "/workspace/cargo-home/bin/cargo" "+72f88fc4e9458f89516a0b8b0868f3718aec5b47" "generate-lockfile" "--manifest-path" "Cargo.toml" "-Zno-index-update", kill_on_drop: false }`
[INFO] running `Command { std: "/workspace/cargo-home/bin/cargo" "+72f88fc4e9458f89516a0b8b0868f3718aec5b47" "fetch" "--locked" "--manifest-path" "Cargo.toml", kill_on_drop: false }`
[INFO] [stderr] warning: dependency (oxydyze) specified without providing a local path, Git repository, or version to use. This will be considered an error in future versions
[INFO] [stderr]  Downloading crates ...
[INFO] [stderr]   Downloaded oxydyze v0.1.1
[INFO] running `Command { std: "docker" "create" "-v" "/var/lib/crater-agent-workspace/builds/worker-0/target:/opt/rustwide/target:rw,Z" "-v" "/var/lib/crater-agent-workspace/builds/worker-0/source:/opt/rustwide/workdir:ro,Z" "-v" "/var/lib/crater-agent-workspace/cargo-home:/opt/rustwide/cargo-home:ro,Z" "-v" "/var/lib/crater-agent-workspace/rustup-home:/opt/rustwide/rustup-home:ro,Z" "-e" "SOURCE_DIR=/opt/rustwide/workdir" "-e" "CARGO_TARGET_DIR=/opt/rustwide/target" "-e" "CARGO_HOME=/opt/rustwide/cargo-home" "-e" "RUSTUP_HOME=/opt/rustwide/rustup-home" "-w" "/opt/rustwide/workdir" "-m" "1610612736" "--user" "0:0" "--network" "none" "rustops/crates-build-env@sha256:d92eaeed33fa75130ca1ee6c8a01d1ffb62bac859dfdfb3450e3e5d1c0146529" "/opt/rustwide/cargo-home/bin/cargo" "+72f88fc4e9458f89516a0b8b0868f3718aec5b47" "metadata" "--no-deps" "--format-version=1", kill_on_drop: false }`
[INFO] [stdout] 1ee4ec7f06df68a01a78627eba088762af873eadec8986d30cbc093eea272b46
[INFO] [stderr] WARNING: Your kernel does not support swap limit capabilities or the cgroup is not mounted. Memory limited without swap.
[INFO] running `Command { std: "docker" "start" "-a" "1ee4ec7f06df68a01a78627eba088762af873eadec8986d30cbc093eea272b46", kill_on_drop: false }`
[INFO] running `Command { std: "docker" "inspect" "1ee4ec7f06df68a01a78627eba088762af873eadec8986d30cbc093eea272b46", kill_on_drop: false }`
[INFO] running `Command { std: "docker" "rm" "-f" "1ee4ec7f06df68a01a78627eba088762af873eadec8986d30cbc093eea272b46", kill_on_drop: false }`
[INFO] [stdout] 1ee4ec7f06df68a01a78627eba088762af873eadec8986d30cbc093eea272b46
[INFO] running `Command { std: "docker" "create" "-v" "/var/lib/crater-agent-workspace/builds/worker-0/target:/opt/rustwide/target:rw,Z" "-v" "/var/lib/crater-agent-workspace/builds/worker-0/source:/opt/rustwide/workdir:ro,Z" "-v" "/var/lib/crater-agent-workspace/cargo-home:/opt/rustwide/cargo-home:ro,Z" "-v" "/var/lib/crater-agent-workspace/rustup-home:/opt/rustwide/rustup-home:ro,Z" "-e" "SOURCE_DIR=/opt/rustwide/workdir" "-e" "CARGO_TARGET_DIR=/opt/rustwide/target" "-e" "CARGO_INCREMENTAL=0" "-e" "RUST_BACKTRACE=full" "-e" "RUSTFLAGS=--cap-lints=forbid" "-e" "CARGO_HOME=/opt/rustwide/cargo-home" "-e" "RUSTUP_HOME=/opt/rustwide/rustup-home" "-w" "/opt/rustwide/workdir" "-m" "1610612736" "--user" "0:0" "--network" "none" "rustops/crates-build-env@sha256:d92eaeed33fa75130ca1ee6c8a01d1ffb62bac859dfdfb3450e3e5d1c0146529" "/opt/rustwide/cargo-home/bin/cargo" "+72f88fc4e9458f89516a0b8b0868f3718aec5b47" "check" "--frozen" "--all" "--all-targets" "--message-format=json", kill_on_drop: false }`
[INFO] [stderr] WARNING: Your kernel does not support swap limit capabilities or the cgroup is not mounted. Memory limited without swap.
[INFO] [stdout] 6e2e11ccd2bf8a26fe852bf28e9ea1bbcd3883657de03754c80b736bfe76c631
[INFO] running `Command { std: "docker" "start" "-a" "6e2e11ccd2bf8a26fe852bf28e9ea1bbcd3883657de03754c80b736bfe76c631", kill_on_drop: false }`
[INFO] [stderr] warning: dependency (oxydyze) specified without providing a local path, Git repository, or version to use. This will be considered an error in future versions
[INFO] [stderr]    Compiling sdl2 v0.33.0
[INFO] [stderr]    Compiling sdl2-sys v0.33.0
[INFO] [stderr]     Checking oxydyze v0.1.1
[INFO] [stderr]     Checking untitled v0.1.0 (/opt/rustwide/workdir)
[INFO] [stdout] error[E0599]: no function or associated item named `init` found for struct `Engine` in the current scope
[INFO] [stdout]   --> src/main.rs:15:27
[INFO] [stdout]    |
[INFO] [stdout] 15 |     let mut app = Engine::init();
[INFO] [stdout]    |                           ^^^^ function or associated item not found in `Engine`
[INFO] [stdout] 
[INFO] [stdout] 
[INFO] [stdout] error[E0599]: no function or associated item named `init` found for struct `Engine` in the current scope
[INFO] [stdout]   --> src/main.rs:15:27
[INFO] [stdout]    |
[INFO] [stdout] 15 |     let mut app = Engine::init();
[INFO] [stdout]    |                           ^^^^ function or associated item not found in `Engine`
[INFO] [stdout] 
[INFO] [stdout] 
[INFO] [stdout] error[E0061]: this function takes 2 arguments but 1 argument was supplied
[INFO] [stdout]   --> src/worldgen.rs:49:9
[INFO] [stdout]    |
[INFO] [stdout] 49 |         Menu::create(None)
[INFO] [stdout]    |         ^^^^^^^^^^^^ ---- supplied 1 argument
[INFO] [stdout]    |         |
[INFO] [stdout]    |         expected 2 arguments
[INFO] [stdout] 
[INFO] [stdout] 
[INFO] [stdout] error[E0061]: this function takes 2 arguments but 1 argument was supplied
[INFO] [stdout]   --> src/worldgen.rs:49:9
[INFO] [stdout]    |
[INFO] [stdout] 49 |         Menu::create(None)
[INFO] [stdout]    |         ^^^^^^^^^^^^ ---- supplied 1 argument
[INFO] [stdout]    |         |
[INFO] [stdout]    |         expected 2 arguments
[INFO] [stdout] 
[INFO] [stdout] 
[INFO] [stdout] error: aborting due to 2 previous errors
[INFO] [stdout] 
[INFO] [stdout] 
[INFO] [stdout] Some errors have detailed explanations: E0061, E0599.
[INFO] [stdout] 
[INFO] [stdout] For more information about an error, try `rustc --explain E0061`.
[INFO] [stdout] 
[INFO] [stdout] error: aborting due to 2 previous errors
[INFO] [stdout] 
[INFO] [stdout] 
[INFO] [stdout] Some errors have detailed explanations: E0061, E0599.
[INFO] [stdout] 
[INFO] [stdout] For more information about an error, try `rustc --explain E0061`.
[INFO] [stdout] 
[INFO] [stderr] error: could not compile `untitled`.
[INFO] [stderr] 
[INFO] [stderr] To learn more, run the command again with --verbose.
[INFO] [stderr] warning: build failed, waiting for other jobs to finish...
[INFO] [stderr] error: build failed
[INFO] running `Command { std: "docker" "inspect" "6e2e11ccd2bf8a26fe852bf28e9ea1bbcd3883657de03754c80b736bfe76c631", kill_on_drop: false }`
[INFO] running `Command { std: "docker" "rm" "-f" "6e2e11ccd2bf8a26fe852bf28e9ea1bbcd3883657de03754c80b736bfe76c631", kill_on_drop: false }`
[INFO] [stdout] 6e2e11ccd2bf8a26fe852bf28e9ea1bbcd3883657de03754c80b736bfe76c631
